*f + 42, 110 = 5*f + 5*q. Suppose -53 = f*t - 813. What is the remainder when t is divided by 2?
0
Suppose 49*r - 47*r = 7 + 51. Calculate the remainder when 7126 is divided by r.
21
Let u = 383 - 306. Calculate the remainder when -73 + u + 151/1 is divided by 16.
11
Suppose 3*n - 89 = 3*b - 11, 3*n - b = 80. What is the remainder when (14 - 17) + -4 + 1 + 248 is divided by n?
26
Let o(m) = 2*m**3 + 248*m**2 - 757*m + 1. What is the remainder when 8121 is divided by o(3)?
9
Let n(x) = 23*x + 2. Suppose 0 = 4*v + f + 1 - 849, -4*f = 16. Let u = -144 + v. Calculate the remainder when u is divided by n(1).
19
What is the remainder when (-30)/3*78/(-12) is divided by (-1)/1 + (41 - (1 - -2))?
28
Let p = -307 - -377. Let b = -63 + p. What is the remainder when 38 is divided by b?
3
Let m = -165 + 168. What is the remainder when 21 is divided by (-15)/m*((-14)/5 + 0)?
7
What is the remainder when 1166 is divided by (-87 - -7)/(-8)*63/35?
14
Suppose -296 - 325 = -3*g. Let u = g - 31. Calculate the remainder when u is divided by 15.
11
Calculate the remainder when ((-381)/(-19) + 138/(-2622))*8034/8 is divided by 62.
59
Suppose -o = 3*d - 0*d - 1646, d = -5*o + 558. Suppose 18*j - d = 136. Calculate the remainder when 682 is divided by j.
36
Suppose -w + 4*k = 8, 2*k - 11 + 5 = 0. Suppose 4*d = -w, 3*d - 97 = -r + 6*d. What is the remainder when r is divided by 6?
4
Suppose -5*l + 6*m - m - 10 = 0, -3*l + 2*m - 1 = 0. Suppose -l*k = -9, -5*c + 86 = 3*k - 3. Calculate the remainder when 60 is divided by c.
12
Suppose 2*j - 293 = -z, -j - 273 = -3*j + 3*z. Calculate the remainder when 304 is divided by j.
16
Suppose 4*y = -3*k + 16, -y - k + 5*k = -23. Suppose -y = 4*z - 4*d - 47, 2*z - d - 20 = 0. What is the remainder when 37 is divided by z?
7
Let w = -256 + 608. What is the remainder when w is divided by 60?
52
Suppose 0 = -7*b + 35 - 14. Calculate the remainder when b/(-21) - (-6120)/63 is divided by 14.
13
Suppose -10*m - 9605 = 7*m. Let j = m + 814. Calculate the remainder when j is divided by 18.
15
Let i(d) = -17*d + 1. Suppose -4*f - 5 + 1 = 0. Let h = -24624 - -24729. Calculate the remainder when h is divided by i(f).
15
Let q(g) = -281*g + 2317. Calculate the remainder when 407 is divided by q(7).
57
Suppose -4*s + 11 + 1 = 0. Suppose 244*x - 17543 = -87*x. What is the remainder when x is divided by s?
2
Suppose -2*a - 18 + 59 = d, a = -d + 42. Calculate the remainder when d is divided by 37.
6
Let k = 36 + -12. Let i = 33 - k. Suppose 2*n - 3*j = 3, -2*n + 7*n = -3*j + 39. What is the remainder when i is divided by n?
3
Let l(u) = 83*u - 2. Let p = -14959 - -14971. What is the remainder when l(1) is divided by p?
9
Suppose 4*k = -3*l + 138 - 38, 60 = 2*k + 4*l. Suppose -5443 - 995 = -96*n - 78*n. Calculate the remainder when n is divided by k.
15
Let u be (-1)/(2 + 266/(-134)). Let b(z) = z**3 + 6*z**2 - 10*z - 42. Let t be b(-8). Let d = u - t. What is the remainder when 91 is divided by d?
22
Suppose -r - 6 = 4*r - 3*j, -2*r - 2*j - 12 = 0. Calculate the remainder when r*(-5 + (-21)/7) is divided by 5.
4
Let s be -1 + 8 + 1*-4. Let y(c) = -c**3 - 23*c**2 + 38*c**2 + 3*c**s - c**3 + 5. What is the remainder when y(-15) is divided by 2?
1
Suppose -2922*v + 2914*v + 3120 = 0. What is the remainder when 787 is divided by v?
7
Suppose 4*d + 381*j = 384*j + 344, 4*j = -5*d + 430. What is the remainder when d is divided by 44?
42
Let j(m) = -1011*m + 8138. What is the remainder when 40797 is divided by j(8)?
47
Calculate the remainder when 22545/80 + 39/208 is divided by 97.
88
Let f = -370 + 378. What is the remainder when 140 is divided by (-43)/(-2*(f/(-2))/(-8))?
11
Suppose -4*o - 4*o + 1112 = -7*o. What is the remainder when o is divided by 40?
32
Let a = 234 + -134. Suppose 0*f - 3*x = f - a, 200 = 2*f - 2*x. Suppose 102 = 3*w - m, -23 = -w + 6*m - 2*m. What is the remainder when f is divided by w?
30
Suppose -942 - 3438 = -30*v. Calculate the remainder when v is divided by 51.
44
Let w = 81 - 93. Let m(q) = q**3 + 10*q**2 - 7*q + 11. Let l be m(w). Let p = l - -280. What is the remainder when p is divided by 44?
43
Calculate the remainder when 294 is divided by ((-618)/21)/(3/((-21)/2)).
88
Suppose 12*v + 65 - 389 = 0. Suppose -1070 = -v*r + 1873. Calculate the remainder when r is divided by 29.
22
Suppose 6*b - 11*b + 65 = -5*j, -74 = -5*b + 2*j. What is the remainder when 1387 is divided by b?
11
Let t(s) = 2*s**2 - 87*s - 398. Calculate the remainder when 338 is divided by t(48).
32
What is the remainder when 699 is divided by (846/(-12))/((-9)/10 - 4/(-10))?
135
Suppose 872 = 5*d + 3*z, 4*d - 9*z = -5*z + 704. Let n be (-104)/18 - 14/63. Calculate the remainder when d is divided by (-353)/n + (-4)/(-24).
57
Suppose 0 = -8*n + 578 + 718. Let g = n - 63. Suppose -g = -3*i + 5*l, 7*i - 97 = 3*i - 5*l. What is the remainder when 109 is divided by i?
25
Let n = 45 - 27. Suppose y - 3 = -3*k + n, 5*k - 7 = 3*y. Calculate the remainder when (-257)/(-5) + 18/(-45) is divided by y.
3
Let s be (-4)/8*412/(-2). Suppose 3*i - s + 4 = -5*y, i + 86 = 4*y. Suppose 4*g - 23 - y = 0. Calculate the remainder when 20 is divided by g.
9
Let w be 12/2*(-2)/(-3). Suppose -w*n = 3*n - 56. Suppose 5*x - 7*x + n = 0. Calculate the remainder when 11 is divided by x.
3
Let o = 204 - 127. Let u = 356 + -325. Calculate the remainder when o is divided by u.
15
Suppose 10*z = -1602 + 102. Let x(g) = -g**3 - g**2 + 3*g + 3. What is the remainder when ((-126)/(-4))/3*(z + 152) is divided by x(-3)?
9
What is the remainder when 896 is divided by 49 - -3 - (-6 - -8)/2?
29
Let a(x) = -1479*x - 2936. Let b = 280 + -154. What is the remainder when b is divided by a(-2)?
16
Suppose 5*d + 4*p - 102 = 0, -5*d - 18 + 118 = 5*p. Let x(c) = 3*c**2 - 63*c + 57. What is the remainder when x(d) is divided by 7?
4
Suppose -5*z - 15 = 0, -5*r = -2*r - 5*z + 285. What is the remainder when 65 is divided by ((-6)/8)/(30/r)*14?
30
Suppose f - 74 = -2*c, 130*f - 134*f - 159 = -5*c. Let l(d) = -29*d + 2. Calculate the remainder when l(-2) is divided by c.
25
Let g(l) = -l + 10. Let u be ((-1)/(-1))/((-4)/(-3) - 1). Suppose -5*c + 110 = 5*o, 100 = 24*o - 20*o + c. What is the remainder when o is divided by g(u)?
5
Suppose -x = 4, w + 3*x + 1 = -13. Let a(d) = -7*d - 3. Suppose 23 + 13 = 6*l. What is the remainder when a(w) is divided by l?
5
What is the remainder when (-2)/(-11) - (9194/(-11) + 0) is divided by 404?
28
Let u(h) = 40*h + 76. Let n(b) = 13*b + 25. Let s(t) = 10*n(t) - 3*u(t). What is the remainder when 548 is divided by s(0)?
20
Let k = -320 - -324. What is the remainder when 64 is divided by ((-486)/(-45))/(k/((-160)/(-12)))?
28
Suppose -3*w - 1157 = -2*s, 0 = -4*s + 7*w - 11*w + 2304. Let g = -508 + s. Calculate the remainder when 134 is divided by g.
65
Let s = 3282 - 3157. Let a(h) = -2*h + 9. What is the remainder when s is divided by a(-5)?
11
Let i = 15 - 3. Let d(t) = 2*t + 276. Let j be d(0). Suppose 11*k - j + i = 0. Calculate the remainder when 68 is divided by k.
20
Let c = -34 + 47. Let j = 78604 + -78567. Calculate the remainder when j is divided by c.
11
Let i = 48 - 49. Let p be (-4)/6*123/i. Suppose -3*k - 34 = -p. What is the remainder when 47 is divided by k?
15
Let m(h) = 6*h**2 + 185*h + 37. What is the remainder when m(-32) is divided by 22?
19
Suppose -205 = -13*o - 23. Let p(m) be the second derivative of -m**3/6 + 4*m**2 - 17*m. Calculate the remainder when o is divided by p(0).
6
Suppose 5*y + 10 = 4*c, 3*y = -3*c - 12 + 6. Calculate the remainder when 35 - (c + -4) - 0 is divided by 14.
11
Suppose 4810 = 87*n - 6348 + 2023. What is the remainder when 323 is divided by n?
8
Let v(d) = 656*d + 131. What is the remainder when v(1) is divided by 157?
2
Let f = -336 - -340. Let a(p) = 25 + 3*p - 17 - 16. What is the remainder when a(10) is divided by f?
2
Let f(g) = g**2 - 95*g + 395. Calculate the remainder when 402 is divided by f(4).
30
Let t be 4*(8 + -7) - 13. Let s(f) = -f**2 - 16*f + 22. What is the remainder when s(t) is divided by 44?
41
Let v = 6746 + -5797. What is the remainder when v is divided by 9?
4
What is the remainder when ((-1)/8 - 0) + (-7367073)/(-4872) is divided by 25?
12
Let o(p) = 133*p + 191. Let n be o(5). Let f = -808 +